p(x) = -3*x**3 - 14*x**2 - 18*x + 12. Calculate p(-3).
21
Let y(q) = q. What is y(25)?
25
Let d(a) = a + 236. Determine d(-27).
209
Let d(a) = -a**3 + 17*a**2 - 53*a + 17. Calculate d(13).
4
Let p(f) = 55*f + 560. Determine p(-10).
10
Let f(z) = -3*z**2 + 85*z + 22. What is f(28)?
50
Let z(b) = -676*b - 3387. What is z(-5)?
-7
Let n(x) = -409*x + 2402. Calculate n(6).
-52
Let k(l) = 6*l**3 + 101*l**2 - 249*l - 41. What is k(-19)?
-3
Let n(c) = -56*c - 407. Determine n(-5).
-127
Let m(j) = j**2 + 370*j - 2251. Give m(6).
5
Let y(z) = 10*z - 320. Calculate y(37).
50
Let v(u) = 2*u**2 + 9*u - 184. Give v(-16).
184
Let i(b) = b**2 + 4*b - 65. What is i(-10)?
-5
Let h(l) = -3*l**2 + 30*l - 2. Calculate h(3).
61
Let d(v) = -8*v**3 - 1633*v**2 - 210*v - 1226. Determine d(-204).
-2
Let v(k) = -2*k**2 + 11*k + 15. What is v(8)?
-25
Let q(l) = l**2 - 12*l - 74. Determine q(-6).
34
Let t(w) = 174*w - 2081. Give t(12).
7
Let q(j) = j**2 + 64*j + 799. Give q(-15).
64
Let g(b) = -18*b**3 - 9*b**2 + 2*b + 1. What is g(2)?
-175
Let l(h) = 10*h**2 - 108*h - 142. Give l(11).
-120
Let s(a) = -a**3 - 41*a**2 - 52*a - 2136. Calculate s(-41).
-4
Let n(s) = s**2 + 18*s - 460. What is n(14)?
-12
Let f(o) = 6*o**2 - 125*o - 509. Calculate f(-4).
87
Let d(v) = v**2 + 100*v + 2176. Give d(-32).
0
Let f(o) = -7*o**2 - 56*o - 171. Determine f(-3).
-66
Let a(y) = -979*y - 11756. Calculate a(-12).
-8
Let p(v) = -10*v - 3. Give p(-3).
27
Let l(w) = -6*w**3 - 15*w**2 - 9*w - 6. Give l(-2).
0
Let g(z) = 550*z - 6586. Determine g(12).
14
Let t(q) = q**2 + 12*q - 53. Calculate t(4).
11
Let m(b) = -2*b**3 + 26*b**2 - 19*b - 482. Determine m(9).
-5
Let j(d) = -53*d + 268. Give j(5).
3
Let c(t) = 2*t**2 + 116*t + 353. Calculate c(-55).
23
Let c(w) = 3*w**3 - 15*w**2 - 20*w + 28. What is c(7)?
182
Let h(v) = 285*v - 589. Calculate h(2).
-19
Let c(y) = y**3 - 153*y**2 + 1300*y - 40. Determine c(9).
-4
Let n(h) = 3*h**2 + 83*h - 173. Determine n(2).
5
Let w(g) = -859*g - 855. Give w(-1).
4
Let j(m) = -19*m**2 + 4*m + 25. Give j(-3).
-158
Let i(g) = -g**3 - 35*g**2 + 4948*g + 96. Determine i(55).
-14
Let y(h) = h**3 - 60*h**2 + h + 36. Determine y(60).
96
Let u(g) = -g**3 + 14*g**2 + 73*g + 3. What is u(18)?
21
Let p(l) = 87*l - 3035. Calculate p(35).
10
Let a(u) = 2*u**2 - 5*u - 32. Give a(-10).
218
Let g(b) = b**3 + 56*b**2 + 618*b + 87. Determine g(-41).
-36
Let h(f) = 2*f**3 - 29*f**2 - 45*f - 54. Determine h(16).
-6
Let p(s) = s**3 + 26*s**2 + 83*s + 9. What is p(-4)?
29
Let j(z) = 30*z - 197. Determine j(5).
-47
Let a(z) = z**3 + 14*z**2 + 26*z + 190. Give a(-9).
361
Let r(i) = 27*i + 4. Calculate r(-6).
-158
Let m(g) = -83*g - 810. Determine m(-7).
-229
Let b(r) = -15*r**3 + 21*r**2 - 32*r + 12. Determine b(1).
-14
Let r(x) = x**3 - 24*x**2 - 187*x - 96. Calculate r(30).
-306
Let b(l) = -16780*l + 67126. Give b(4).
6
Let n(j) = 48*j - 672. Give n(14).
0
Let d(z) = 18*z + 1054. Determine d(-58).
10
Let k(d) = 24*d + 1556. Determine k(-65).
-4
Let u(d) = -4*d**2 - 295*d - 4012. Determine u(-18).
2
Let a(n) = -136*n**3 - 3*n**2 - 3*n - 2. What is a(-1)?
134
Let f(u) = -u**3 - 10*u**2 + 26*u + 17. Calculate f(-12).
-7
Let b(n) = 3*n**2 + 1246*n + 32897. What is b(-387)?
2
Let o(t) = -t**2 + 3959*t + 39696. Determine o(-10).
6
Let o(u) = 819*u - 13111. Give o(16).
-7
Let z(h) = -h**3 + 14*h**2 + 335*h + 426. What is z(27)?
-6
Let f(c) = 69*c - 485. Give f(6).
-71
Let u(o) = 688*o + 6886. What is u(-10)?
6
Let u(d) = -d**3 + 38*d**2 - 93*d + 111. Determine u(36).
-645
Let u(c) = 2*c**2 + 30*c - 88. Give u(-18).
20
Let d(h) = -70*h**2 - 62*h - 62. Give d(-1).
-70
Let z(u) = -9*u - 331. Give z(-30).
-61
Let a(d) = -14053*d - 112443. Determine a(-8).
-19
Let r(o) = -o**2 - 4*o + 6741. Determine r(-84).
21
Let c(o) = 2*o**2 - 193*o - 237. Determine c(91).
-1238
Let m(y) = -205*y - 607. Determine m(-3).
8
Let p(z) = -13*z + 739. Calculate p(53).
50
Let x(r) = -r**3 - 33*r**2 + 19*r + 627. Give x(-33).
0
Let g(f) = -2*f**3 + 49*f**2 + 35*f - 279. Give g(25).
-29
Let k(o) = 3*o**2 + 33*o + 240. Determine k(-9).
186
Let k(d) = d**3 + 52*d**2 - 414*d - 57. Calculate k(-59).
2
Let g(t) = 5*t**2 - 202*t - 820. Determine g(-4).
68
Let t(c) = -7*c**2 - 1619*c + 2806. Give t(-233).
10
Let k(b) = -1251*b + 11256. Determine k(9).
-3
Let p(w) = -18*w**3 - 2*w**2 + 9*w - 11. Give p(1).
-22
Let u(d) = -d**2 - 27*d - 14. What is u(-22)?
96
Let s(w) = -w**3 + 28*w**2 - 24*w - 79. Calculate s(27).
2
Let k(t) = t**3 + 24*t**2 + 22*t - 46. Determine k(-23).
-23
Let n(u) = -95*u - 802. Determine n(-15).
623
Let k(h) = -1239*h + 2484. What is k(2)?
6
Let s(i) = 7*i**3 + 18*i**2 - 11*i - 23. Determine s(-5).
-393
Let y(l) = -9*l - 3. What is y(7)?
-66
Let o(p) = -1279*p**2 - 7687*p - 1. Calculate o(-6).
77
Let k(n) = -n**2 - 8*n + 678. Determine k(-30).
18
Let l(d) = 20*d**2 + 861*d + 39. Determine l(-43).
-4
Let f(y) = 21*y**2 + 3*y - 162. Give f(0).
-162
Let q(s) = -465*s + 10297. Calculate q(22).
67
Let k(s) = 209*s + 16. Give k(0).
16
Let j(n) = -2*n**2 - 168*n - 1487. Determine j(-74).
-7
Let v(f) = -22*f - 629. Calculate v(-29).
9
Let j(z) = z**3 + 9*z**2 + 12*z - 41. Determine j(-6).
-5
Let s(y) = 7338*y + 322872. Calculate s(-44).
0
Let w(o) = -4*o + 538. Calculate w(138).
-14
Let q(o) = 2*o**2 + 74*o + 115. Determine q(-35).
-25
Let b(s) = -151*s - 316. What is b(-2)?
-14
Let q(z) = -47*z - 82. Determine q(-2).
12
Let t(j) = -j**3 + 24*j**2 - 145*j + 22. Determine t(13).
-4
Let x(c) = -3*c**3 - 38*c**2 - 53*c + 32. Determine x(-11).
10
Let d(z) = 37*z - 677. Give d(18).
-11
Let k(i) = -i**3 + 15*i**2 + i - 11. Give k(15).
4
Let p(v) = -v**3 - 8*v**2 - 30. What is p(-5)?
-105
Let v(o) = -o**2 + 3*o + 63. Give v(-5).
23
Let h(w) = -1352*w - 66246. Give h(-49).
2
Let d(r) = -3*r**3 + 12*r**2 + 293*r + 35. Calculate d(-8).
-5
Let y(o) = 10*o**3 + 4*o**2 + 20*o + 36. Determine y(-2).
-68
Let u(q) = -52*q + 651. Calculate u(13).
-25
Let d(l) = -2*l**3 + 27*l**2 + 129*l + 27. What is d(17)?
197
Let r(g) = -524*g - 24170. Give r(-46).
-66
Let r(q) = 2*q**3 - 32*q**2 - 45*q + 3. Give r(17).
-184
Let t(s) = 2663*s - 2. Determine t(0).
-2
Let d(n) = n**3 + 61*n**2 + 157*n - 988. Determine d(-58).
-2
Let w(z) = -23*z**2 - 10*z + 1. Calculate w(2).
-111
Let p(c) = -c**2 - 28*c - 184. Determine p(-17).
3
Let h(l) = 2*l**3 - 11*l**2 - 29*l + 20. Give h(7).
-36
Let p(u) = 13*u**3 + 38*u**2 + 50*u + 162. Calculate p(-3).
3
Let b(u) = -293*u**2 + 3217*u + 67. Calculate b(11).
1
Let f(t) = -2*t**3 + 240*t**2 - 229*t - 1080. Determine f(119).
-9
Let m(s) = 104*s - 8012. Determine m(77).
-4
Let h(j) = -j**3 - 2*j**2 + 13*j + 94. Calculate h(-5).
104
Let z(y) = -y**3 + 2*y**2 + 22*y + 12. Give z(6).
0
Let g(b) = b**3 - 14*b**2 - 81*b + 167. Calculate g(18).
5
Let c(t) = 4*t**3 + 259*t**2 - 604*t - 66. What is c(-67)?
1
Let k(n) = 1172*n**2 + 7027*n - 8. Determine k(-6).
22
Let v(j) = j**2 + 84*j + 864. Calculate v(-12).
0
Let b(k) = -55*k - 4686. Give b(-82).
-176
Let l(a) = 71*a**2 + 614*a - 1841. Determine l(-11).
-4
Let p(n) = -n**3 - 53*n**2 + 54*n + 201. Determine p(-54).
201
Let b(c) = -3*c**2 + 50*c + 14. Calculate b(6).
206
Let u(n) = -2*n**2 - 34*n + 14. Calculate u(-16).
46
Let s(q) = -2*q**3 - 212*q**2 + 211*q - 322. Calculate s(-107).
-1
Let g(d) = -d**3 + 19*d**2 + 29*d - 15. Calculate g(20).
165
Let y(n) = 370*n - 364. Calculate y(1).
6
Let u(o) = -o**2 + 31*o + 96. What is u(0)?
96
Let k(p) = p**3 + 300*p**2 - 1522*p - 10. Give k(5).
5
Let u(z) = 860*z**3 - 2*z**2 - 3*z + 4. Calculate u(1).
859
Let l(t) = 4*t**2 - 109*t - 917. What is l(34)?
1
Let q(s) = s**2 - 6040*s - 10. Determine q(0).
-10
Let o(n) = -n**2 - 60*n - 486. Calculate o(-30).
414
Let r(u) = -23*u**3 - 11*u**2 - u - 4. Give r(-1).
9
Let g(c) = -c**3 - 10*c**2 + 226*c + 64. Give g(11).
9
Let g(j) = 7*j - 61. Give g(14).
37
Let z(a) = -65*a - 249. What is z(-5)?
76
Let d(b) = -b**3 + 8*b**2 + 68*b - 146. Give d(13).
-107
Let h(s) = -6*s**3 - 55*s**2 - 34*s - 31. Calculate h(-9).
194
Let c(r) = -14*r + 64. Determine c(4).
8
Let n(g) = -350*g + 1528. Calculate n(4).
128
Let u(q) = -q**3 - q**2 + 71*q + 286. What is u(-6)?
40
Let s(m) = -47*m - 354. Calculate s(-13).
257
Let v(n) = -83*n + 901. Give v(13).
-178
Let u(b) = 15*b**3 - 241*b**2 + 8